st common divisor of w and o?
14
Let u be ((-25)/10 + 3)*400. Calculate the highest common factor of 50 and u.
50
Suppose l - 2*l = -2*s - 18, -61 = -4*l - 3*s. Calculate the highest common factor of l and 40.
8
Let j(t) = t**2 + 14*t - 7. Let n be j(-15). Suppose 3*m - 7*m + 288 = 0. What is the greatest common divisor of m and n?
8
Let q = 12 + -2. What is the greatest common factor of 25 and q?
5
Let i = 94 + -14. Calculate the greatest common factor of 8 and i.
8
Let u = 41 + -9. Calculate the greatest common divisor of u and 16.
16
Let h be (-2)/(-1*2) - -1. Suppose 4*g - 3*g = -1. Let s be (-7)/((-21)/(-54))*g. Calculate the highest common divisor of s and h.
2
Suppose 7*r - 2*r - 1000 = 5*x, -384 = -2*r - 2*x. Calculate the highest common factor of r and 28.
28
Let w = 47 - 33. Let x be 2 - (-6)/(-1) - -39. What is the highest common divisor of x and w?
7
Let s(j) = -j**2 + 8*j + 12. Let q be s(9). Suppose -q*l = -2*o + 44, o + 4*o - 3*l = 119. Calculate the greatest common factor of 275 and o.
25
Suppose -7*u + 583 = 226. Let f = 96 - 62. What is the highest common divisor of u and f?
17
Let k = -18 - -29. Let d = k - 8. Let g be 8/d*(-36)/(-8). What is the highest common divisor of 108 and g?
12
Suppose 8 = 5*v - 52. Let b = -177 + 321. Suppose 2*o = -o + b. Calculate the greatest common divisor of v and o.
12
Suppose a + 4 = 14. Let f = 5 + 0. What is the highest common divisor of a and f?
5
Let b(d) = 7*d - 23. Let w be b(5). What is the greatest common divisor of w and 28?
4
Let u = 13 + -7. What is the highest common factor of 66 and u?
6
Let s = -262 - -372. What is the highest common factor of 22 and s?
22
Suppose 4*w + 8 = -i, 0 = 5*i - 0*i - 3*w - 6. Suppose -3 = -i*s - 3*s. Calculate the highest common divisor of s and 8.
1
Suppose 0 = -8*j + 12*j - 316. Let y = 2 + j. Calculate the greatest common divisor of 9 and y.
9
Let z = 50 - 30. Calculate the highest common factor of z and 20.
20
Let s be (-2)/2*(-16 - 1). Let o(q) = 3*q**2 - 2*q - 1. Let r be o(-6). What is the greatest common factor of r and s?
17
Suppose 2*a = 3*d + 7*a - 90, a - 30 = -d. Let l be 3*-1*20/(-6). Calculate the greatest common divisor of d and l.
10
Let s = -7 - -8. Let n(o) = 4*o + 11. Let g(r) = 6*r + 16. Let l(k) = -5*g(k) + 7*n(k). Let v be l(-7). What is the greatest common factor of s and v?
1
Suppose 2*t - 4 = 2*i, 0 = -t - 2. Let a be (-1)/i - (-50)/(-8). Let u be (-1 + 57)/(a/(-12)). Calculate the greatest common divisor of u and 14.
14
Let i(j) = 5*j + 40. Let p be i(3). Let k = 44 - 22. Suppose -2*b + 0*b + k = 0. Calculate the greatest common factor of p and b.
11
Let c = -2 - -13. Suppose -c - 5 = -g. Calculate the highest common divisor of 128 and g.
16
Let b(q) = -q**2 - 8*q - 5. Let g be b(-7). Suppose 27 = p + g*p. What is the highest common factor of p and 1?
1
Let z = 6 + -4. Suppose -2*p = z*p + 12. Let x be 46/6 + p/(-9). Calculate the greatest common factor of x and 32.
8
Let w = 119 - 100. Calculate the highest common factor of 76 and w.
19
Let o be (-5)/4 + (-202)/(-8). Calculate the highest common divisor of 8 and o.
8
Let g = -4 - -7. Suppose 4*y - 8 + g = m, m - 15 = -y. What is the highest common divisor of 22 and m?
11
Let u be (-10)/(-6) + (-1)/(-3). Let n = 7 - u. What is the greatest common factor of n and 55?
5
Let q(b) = 3*b. Let j be q(2). Let f(y) = y**3 - 7*y**2 + 6*y + 8. Let z be f(j). What is the greatest common divisor of z and 32?
8
Let i = -1 + 7. Let u(l) = l**2 - 16*l + 4. Let p be u(16). Calculate the highest common divisor of i and p.
2
Suppose 6 = 3*g - 0. Let m be 11 - (0 + (4 - g)). Let i = -154 - -235. What is the highest common factor of i and m?
9
Suppose r + 0 - 6 = 0. Let o = -6 + 21. What is the greatest common divisor of o and r?
3
Suppose -n + 5*b = -4 - 7, -3*b - 6 = 0. Let y be (-2 - (-5 - -1)) + n. Suppose -u + 220 = y*u. What is the greatest common factor of 22 and u?
11
Let q = 22 + -20. What is the greatest common divisor of q and 2?
2
Suppose i - 15 = 3*j, -20 = -2*i + j + 3*j. Let o(c) = -42*c + i*c - 3*c. Let w be o(-1). Calculate the highest common divisor of w and 18.
9
Let p be 2/(-10) - (-228)/15. Let u be (p/20)/((-2)/(-40)). What is the highest common divisor of 5 and u?
5
Suppose 57*x - 95 = 38*x. Suppose -2*g + 4*r = -130, 0 = -2*g - 0*g + 3*r + 125. Calculate the greatest common factor of x and g.
5
Suppose 4*t - 44 - 44 = 0. Calculate the highest common divisor of t and 55.
11
Suppose 3 = -j - 5*h - 1, -2 = -j - 3*h. Suppose 3*f = 4*u + 107, -5*f - 2*u + 128 = -f. Calculate the highest common factor of j and f.
11
Let y(p) = p**2 + 3*p + 5. Let r be y(-7). What is the greatest common divisor of 231 and r?
33
Let p = 7 + 4. What is the highest common divisor of 1 and p?
1
Let k = -12 + 8. Let q be 26/k*(-2 - 0). What is the highest common divisor of q and 39?
13
Let i(m) = m**3 + m + 60. Let l be i(0). Let a = 105 - l. What is the greatest common factor of a and 18?
9
Suppose 2*d = -13 + 53. Let o = -126 + 176. Calculate the highest common divisor of o and d.
10
Suppose -31 = -5*g + 4. Let n be 72/g + (-12)/42. Suppose 3*d = 8 + 52. Calculate the highest common factor of n and d.
10
Suppose 0 = 4*q + 8 - 4. Let f be q - 0 - (-4 - 30). Calculate the greatest common factor of f and 22.
11
Suppose 5*w = -4*s - 0*w + 28, -w = s - 6. Let n(o) = 0*o**s + 1 - o**3 - 2*o - 2*o**2 + 11*o. Let b be n(-6). Calculate the highest common divisor of 13 and b.
13
Suppose 5*d + 13 = 2*l + 4*d, -2*d + 14 = 4*l. What is the greatest common divisor of 10 and l?
5
Let x be (12/10)/(4/10). Suppose -2*v = 3*v - 10. Calculate the greatest common divisor of v and x.
1
Let l(h) = 7*h**2 - h - 2. Let n be (-8)/6 + (-6)/9. Let u be l(n). Suppose -3*m - u + 76 = 0. What is the greatest common factor of m and 40?
8
Let r(l) = 9*l - 12. Let d be r(4). What is the greatest common divisor of d and 132?
12
Suppose -4*t + 105 = -5*u, u = 4*t - 81 - 4. Let v = 13 - 7. Suppose -3*s - 6 = 0, 2*p + 4*s = v + 2. What is the greatest common divisor of t and p?
4
Let p be 18/(-4)*(-24)/9. Let h(o) = o**2 - 9*o - 8. Let a be h(-7). Let i = a + -56. What is the greatest common divisor of i and p?
12
Suppose 99 = 5*m - 141. What is the greatest common divisor of 12 and m?
12
Let c(h) = -h - 1. Let q be c(-1). Suppose 2*u + g = 3*g + 14, q = -5*u + 4*g + 37. Calculate the greatest common divisor of u and 63.
9
Let y = 117 + -27. Let k(j) = -j**2 - 12*j + 4. Suppose 3*x = -2*x - 40. Let p be k(x). What is the greatest common divisor of p and y?
18
Let s be (-6)/(-21) - (-282)/(-7). Let i be (s/16)/((-1)/26). What is the greatest common factor of 13 and i?
13
Let s = -7 - -26. Let q(j) = 190*j**2 - j + 1. Let v be q(1). Suppose v = -4*k + 6*k. What is the highest common factor of k and s?
19
Suppose j = -1 - 3. Let k(a) = a**2 + 2*a - 1. Let q be k(j). Suppose -96 = 3*i - q*i. What is the greatest common divisor of i and 3?
3
Let r = 39 - 35. What is the highest common factor of 2 and r?
2
Let j(u) be the second derivative of 23/4*u**4 - 1/2*u**2 - u + 0 + 1/3*u**3. Let b be j(1). Calculate the highest common divisor of 10 and b.
10
Let d be 37/(-5) + 12/(-20). Let z be (8/(-1))/(2/d). Calculate the highest common factor of z and 48.
16
Let c be -1 - (-21)/(4 + -1). Let i(o) = o**2 - 6*o - 2. Let d be i(c). Let g be (d/(-6) + -1)*-3. What is the highest common factor of 5 and g?
1
Suppose 5*h - 2*s - 48 = -3*s, s + 2 = 0. Suppose -5*x = -2*x - 18. Let c = x + h. What is the greatest common factor of c and 16?
16
Let g(d) = 8*d - 16. Let i be g(18). Calculate the greatest common factor of i and 16.
16
Let h = 11 - -43. Let v be 1 - (h/1)/(-3). Let s = v + -3. Calculate the highest common factor of s and 112.
16
Suppose -4*o + 8 = 4*l, -l = -4*o + 3 - 0. Let g(f) be the first derivative of 2*f**3/3 - 1. Let q be g(o). What is the highest common divisor of 2 and q?
2
Let h be 4/6*19830/20. Suppose -2*i + 394 = 3*m, i = -m + 6*m - h. Calculate the highest common factor of 12 and m.
12
Suppose h = 4*h - 420. Let t = -152 - -180. What is the greatest common factor of h and t?
28
Let n = 17 - 2. What is the greatest common divisor of n and 3?
3
Suppose 1223 = 5*t + 343. What is the greatest common divisor of t and 22?
22
Supp